*l**2 + 5. Let d be c(0). Suppose -3*s = d*o - 96, 0 = 2*s - 7*o + 4*o - 51. Calculate the highest common divisor of s and 12.
6
Let n = 458 - 488. Let p be (-1924)/(-6) + (-40)/n. Calculate the highest common factor of p and 28.
14
Let z be ((-4)/(-3))/(120/270) - -3. Suppose -18*y + 42*y - 2160 = 0. Calculate the greatest common divisor of y and z.
6
Suppose 0 = -3*q + 2*g + 16185, -4*g = -40*q + 35*q + 26979. Calculate the highest common factor of q and 9.
9
Suppose -d - 14*c + 90 = -12*c, 99 = d + c. Let w = 277 - 7. What is the highest common divisor of d and w?
54
Let k = 24 - 22. Suppose 2*b + n = -168, 162 = 2*b - 4*b + k*n. Let u = b + 126. What is the highest common factor of 473 and u?
43
Let n be -5*126/(-30) + -11. What is the highest common factor of 325 and n?
5
Let h be (-1 - -156)*(-2)/(-5). Suppose -2*u - 70 = -186. Let c = u + h. Calculate the highest common divisor of 15 and c.
15
Suppose -5*h = 2*y + 28, -3*y - 3*h - 31 = 29. Let j(g) = -2*g**3 - 49*g**2 - 24*g + 7. Let l be j(y). Calculate the greatest common factor of l and 301.
7
Suppose 16*t = 9*t - 210. Let q be 3/(((-9)/t)/(1/5)). Let r be (-23)/4*(q/(-1) - 2). Calculate the greatest common divisor of 253 and r.
23
Let c be (121 + -129)*((-63)/(-12))/(-1). Calculate the highest common divisor of 35 and c.
7
Let r(i) = -33*i + 16. Suppose 19*m = 12*m. Let z be r(m). Calculate the greatest common factor of 40 and z.
8
Suppose 4*i = 15 - 1055. Let s = i - -465. Suppose 0 = -0*v + 2*v - 4*j - 98, -j - 168 = -4*v. What is the greatest common divisor of v and s?
41
Let i be ((-424)/(-40) + -7)/((-4)/10). Let o(g) = -126*g - 209. Let b be o(i). Calculate the highest common divisor of 37 and b.
37
Suppose 8*i - 1161 + 281 = 0. Let w = 200 - i. Calculate the greatest common factor of 1530 and w.
90
Let a(u) = 10*u**3 - 4*u**2 - 12*u + 56. Let h be a(6). What is the greatest common factor of h and 520?
40
Let h be (((-351)/(-45) - -7) + -10)/(3/70). What is the greatest common divisor of 63 and h?
7
Let q(s) = -293*s - 2927. Let f be q(-10). What is the greatest common divisor of f and 2658?
3
Let z be 3/((-12)/(-10))*2. Suppose -z*k = 4*k - 540. Calculate the greatest common factor of k and 30.
30
Let f(t) = -t**3 + 16*t**2 - 29*t + 17. Let d be f(14). Let a(v) = 4*v**3 - 10*v**2 + 7*v + 2. Let q be a(d). What is the highest common factor of q and 697?
41
Let x(v) = -v**2 - 5*v - 4. Let i be x(-3). Let q = 194 - 209. Let n(f) = 4*f + 70. Let b be n(q). What is the greatest common factor of b and i?
2
Let l be (-9730)/(-25) + 2 - -4 - 4/(-5). What is the greatest common divisor of l and 264?
132
Suppose 0 = 10*p - 80*p + 8260. Calculate the greatest common factor of p and 2891.
59
Let k be (-4 - -10) + 0 + -2. Let l(t) be the first derivative of -2*t**2 - 16*t - 1. Let v be l(-15). What is the greatest common factor of k and v?
4
Suppose -103*m - 126 + 641 = 0. Calculate the highest common factor of m and 2885.
5
Suppose y = 3*i + 18, y - 24*i = -25*i + 30. What is the highest common factor of y and 360?
9
Let z be (11/(-3) - 0)*-18. Let c be 4 + -76 - (-6 + 1). Let p = -61 - c. Calculate the greatest common factor of p and z.
6
Suppose 26 = -p - 5*s - 10, 5*p = -5*s - 160. Let m = p - -34. Suppose m*k + 33 = 3*x, 0 = 2*x + x - 5*k - 29. Calculate the greatest common factor of 39 and x.
13
Suppose -4*y = 3*l - 9, -3*y - 3*l = -0*y - 9. Suppose 20*z - 7*z - 11661 = y. What is the greatest common factor of z and 13?
13
Let l be 2/19 - 38/361. Suppose -8*q - 79 = -13*q + d, 5*q + 3*d - 63 = l. Let n = 163 - 58. Calculate the greatest common factor of q and n.
15
Suppose 0 = -17*v + 3438 + 6864. Let h = 618 - v. What is the greatest common divisor of 300 and h?
12
Let q = 13620 + -13567. Calculate the highest common factor of 33125 and q.
53
Let n be 2 + 7024 + -6*(-6)/9. What is the greatest common divisor of 185 and n?
185
Let t(r) = -205*r - 806. Let i be t(-4). What is the highest common divisor of 7861 and i?
7
Let m = -77 + 80. Suppose -4*q = -m*z + 7*z - 2696, -2*q + 1348 = -5*z. Let n = -378 + q. What is the greatest common divisor of n and 37?
37
Suppose -37*u - 161 + 213 = -1169. What is the highest common divisor of 75 and u?
3
Suppose -57*j = -45*j - 150060. What is the greatest common divisor of 205 and j?
205
Let g = 188 - -4597. Calculate the greatest common factor of g and 58.
29
Let f(j) = 392*j + 11148. Let a be f(91). Calculate the highest common divisor of 20 and a.
20
Let h be (24/15)/((-164)/(-15990)). Calculate the highest common divisor of h and 564.
12
Suppose 3*y = -8*y. Suppose y = -8*a - 113 + 353. Calculate the greatest common factor of a and 80.
10
Let d(i) = -i**3 + 7*i**2 + 2*i - 28. Let k be d(-3). Let y(z) = 2*z**2 + 3*z + 2. Let u be y(-6). Calculate the greatest common factor of u and k.
56
Let p be 1757/(-15) + (-36)/(-270). Let n = 119 + p. Let v be ((-6)/(-21))/((-2)/(-14)). What is the greatest common divisor of n and v?
2
Let s = 19 - 15. Suppose n + 7*h - 8*h = 77, -2*n + 164 = -s*h. What is the highest common divisor of 9 and n?
9
Suppose 35*m = 20737 + 91088. Calculate the highest common divisor of m and 45.
45
Let u(j) = -32*j**3 + 3*j**2 - 2*j + 6. Let p be u(-6). Let v be (2/(-8))/1 + p/184. Calculate the greatest common divisor of v and 190.
38
Let j be 7*-1*((-2120)/(-35) + -2). Let a = j - -442. Calculate the highest common divisor of a and 72.
8
Suppose 0 = 12*k - 9745 + 3037. What is the greatest common factor of 13 and k?
13
Let g(r) = -3*r + 24. Let f = -42 + 47. Let k(v) = -v**2 + v + 4. Let o be k(f). Let b be g(o). What is the greatest common divisor of b and 8?
8
Let t(p) = 19*p**2 - 2*p + 3678. Let c be t(0). Calculate the greatest common factor of c and 6.
6
Let i = 5230 - 4986. What is the highest common divisor of 1342 and i?
122
Suppose -12*o + 10 = -50. Suppose 4*t = -v + 60, 0*v + 5*t = -o*v + 300. Calculate the highest common divisor of 210 and v.
30
Let f = 200 + 19. Let v = f + -54. Let t be (-5 - -40) + (-3 - -1). Calculate the highest common factor of v and t.
33
Let t(i) = -2*i**2 + 6*i. Let p be t(4). Let n be (1/(-2) + 1)*2. Let k be ((-9)/(-2) + n)/((-4)/p). What is the greatest common divisor of k and 110?
11
Let c(p) = 23*p + 216. Let w be c(-26). Let k = w + 398. Let b = 209 + -97. Calculate the greatest common divisor of b and k.
16
Let i be 1/(-1 - 4) + 144/45. Suppose -i*a = 7*a + 180. Let u be (-87)/(-27) + ((-32)/a - 2). What is the greatest common factor of 12 and u?
3
Suppose -x = -5*z, -2*z = x - 3*z - 16. Let j be 8/(-40) + 15364/x. Calculate the greatest common divisor of 24 and j.
24
Let f be (-36)/(-8) - 4 - 14301/(-18). Calculate the highest common divisor of f and 15.
15
Let z(f) = -f**3 - 3*f**2 - 5*f - 1. Let t be z(-2). Suppose 0*g - t*g = 10. Let c be 2*(-8 + 4)/g. Calculate the highest common divisor of 1 and c.
1
Suppose -350*c = -370*c + 541360. What is the highest common factor of 268 and c?
268
Let b be -65*(4/30)/((-3)/54). Suppose 7*f + l = 9*f - b, -4*f + 4*l + 316 = 0. What is the greatest common factor of 28 and f?
7
Suppose -4*k - 153 = -181. What is the greatest common factor of 959 and k?
7
Let d = -1354 - -1759. What is the greatest common divisor of 765 and d?
45
Let a be (194/4)/(6/12). Let b = a - 37. Let r be 5*1 - b/15. Calculate the highest common divisor of 1 and r.
1
Let a be 76160/800*35/2. What is the highest common divisor of 68 and a?
34
Suppose g = -z - 1 + 19, -3*g - z = -58. Let b = g + 119. Let l = b + -119. Calculate the greatest common factor of l and 16.
4
Suppose -5*y = -3*x + 3306, -5*x + 4446 + 1086 = -y. Calculate the greatest common divisor of 27 and x.
27
Suppose 5*k - 170 + 545 = 0. Let d be (1880/k)/(-8) - 4/30. Let j be (-21)/(d - (-15)/(-4)). Calculate the highest common divisor of 14 and j.
14
Let t = 5150 + -1882. Calculate the greatest common factor of 76 and t.
76
Let r(j) = j**2 - 10*j + 10. Let l be r(3). Let a = 9 - l. Let z = a + 68. Calculate the highest common divisor of z and 8.
8
Let y(l) = l**2 + 29*l + 74. Let b(f) = f**3 - 31*f**2 - 27. Let v be b(31). Let z be y(v). Calculate the greatest common factor of z and 4.
4
Suppose 0 = -2*k - o + 80, -4*k - 4*o + 92 = -68. What is the greatest common divisor of k and 16?
8
Let r = -